{"id":79,"date":"2024-11-02T11:31:31","date_gmt":"2024-11-02T10:31:31","guid":{"rendered":"https:\/\/bystrze.org\/?page_id=79"},"modified":"2024-11-05T11:55:58","modified_gmt":"2024-11-05T10:55:58","slug":"regulaminy","status":"publish","type":"page","link":"https:\/\/bystrze.org\/index.php\/klub\/regulaminy\/","title":{"rendered":"Regulaminy"},"content":{"rendered":"\n<p>W AKTK \u201cBystrze\u201d cz\u0142onk\u00f3w klubu obowi\u0105zuj\u0105 regulaminy:<\/p>\n\n\n\n<figure class=\"wp-block-table\"><table><tbody><tr><td>Lp<\/td><td>Nazwa regulaminu<\/td><td>Wersja<\/td><td>Data obowi\u0105zywania<\/td><\/tr><tr><td>1<\/td><td><a href=\"https:\/\/drive.google.com\/file\/d\/1Rc-Nmr5FPB_K95nLAHgUt57gINWX2F6I\/view?usp=drive_link\">ZASADY WYPO\u017bYCZANIA SPRZ\u0118TU<\/a><\/td><td>2<\/td><td>04.2017<\/td><\/tr><tr><td>2<\/td><td><a href=\"https:\/\/drive.google.com\/file\/d\/1dF1bBXNa-ZWPrbLboiRK6XAvFVY-U0Hv\/view?usp=sharing\">REGULAMIN GODZINEK I CENNIK WYPO\u017bYCZENIA SPRZ\u0118TU<\/a><\/td><td>2<\/td><td>04.2017<\/td><\/tr><tr><td>3<\/td><td><a href=\"https:\/\/drive.google.com\/file\/d\/1KnEcb57c-awT-IF4nOVte9Qj9Dpy6lAv\/view?usp=sharing\">REGULAMIN PRZECHOWYWANIA SPRZ\u0118TU PRYWATNEGO W MAGAZYNIE<\/a><\/td><td>1<\/td><td>04.2015<\/td><\/tr><tr><td>4<\/td><td><a href=\"https:\/\/drive.google.com\/file\/d\/1JjZmN406jR6WMSzBQTFeM9ElZQCpPdxK\/view?usp=sharing\">REGULAMIN RANKINGU<\/a><\/td><td>1<\/td><td>11.2023<\/td><\/tr><tr><td>5<\/td><td><a href=\"https:\/\/drive.google.com\/file\/d\/1RuerUx_T9WNmhq3dFne0tCEGc6T82Fdr\/view?usp=sharing\">Za\u0142\u0105cznik do REGULAMIN RANKINGU: KAMIENIE MILOWE<\/a><\/td><td>1<\/td><td>11.2023<\/td><\/tr><tr><td>6<\/td><td><a href=\"https:\/\/drive.google.com\/file\/d\/16bVsXqqFe59xP56smQe3xo9n3UOsZ1BR\/view?usp=drive_link\">ZASADY PRZYZANAWANIA DOFINANSOWA\u0143<\/a><\/td><td>1<\/td><td>04.2015<\/td><\/tr><tr><td>7<\/td><td><a href=\"https:\/\/drive.google.com\/file\/d\/15F_-Ox5meo-S_XE8e88DO2kU68kUQL6E\/view?usp=sharing\">REGULAMIN ZNI\u017bEK DO SK\u0141ADEK CZ\u0141ONKOWSKICH<\/a><\/td><td>1<\/td><td>06.2024<\/td><\/tr><\/tbody><\/table><\/figure>\n\n\n\n<p><\/p>\n","protected":false},"excerpt":{"rendered":"<p>W AKTK \u201cBystrze\u201d cz\u0142onk\u00f3w klubu obowi\u0105zuj\u0105 regulaminy: Lp Nazwa regulaminu Wersja Data obowi\u0105zywania 1 ZASADY WYPO\u017bYCZANIA SPRZ\u0118TU 2 04.2017 2 REGULAMIN GODZINEK I CENNIK WYPO\u017bYCZENIA SPRZ\u0118TU 2 04.2017 3 REGULAMIN PRZECHOWYWANIA SPRZ\u0118TU PRYWATNEGO W MAGAZYNIE 1 04.2015 4 REGULAMIN RANKINGU<\/p>\n","protected":false},"author":1,"featured_media":0,"parent":39,"menu_order":0,"comment_status":"closed","ping_status":"closed","template":"","meta":{"footnotes":""},"class_list":["post-79","page","type-page","status-publish","hentry"],"_links":{"self":[{"href":"https:\/\/bystrze.org\/index.php\/wp-json\/wp\/v2\/pages\/79","targetHints":{"allow":["GET"]}}],"collection":[{"href":"https:\/\/bystrze.org\/index.php\/wp-json\/wp\/v2\/pages"}],"about":[{"href":"https:\/\/bystrze.org\/index.php\/wp-json\/wp\/v2\/types\/page"}],"author":[{"embeddable":true,"href":"https:\/\/bystrze.org\/index.php\/wp-json\/wp\/v2\/users\/1"}],"replies":[{"embeddable":true,"href":"https:\/\/bystrze.org\/index.php\/wp-json\/wp\/v2\/comments?post=79"}],"version-history":[{"count":4,"href":"https:\/\/bystrze.org\/index.php\/wp-json\/wp\/v2\/pages\/79\/revisions"}],"predecessor-version":[{"id":166,"href":"https:\/\/bystrze.org\/index.php\/wp-json\/wp\/v2\/pages\/79\/revisions\/166"}],"up":[{"embeddable":true,"href":"https:\/\/bystrze.org\/index.php\/wp-json\/wp\/v2\/pages\/39"}],"wp:attachment":[{"href":"https:\/\/bystrze.org\/index.php\/wp-json\/wp\/v2\/media?parent=79"}],"curies":[{"name":"wp","href":"https:\/\/api.w.org\/{rel}","templated":true}]}}