{"id":140,"date":"2024-11-02T14:04:42","date_gmt":"2024-11-02T13:04:42","guid":{"rendered":"https:\/\/bystrze.org\/?page_id=140"},"modified":"2024-11-02T14:04:43","modified_gmt":"2024-11-02T13:04:43","slug":"wyprawy","status":"publish","type":"page","link":"https:\/\/bystrze.org\/index.php\/klub\/wyprawy\/","title":{"rendered":"Wyprawy"},"content":{"rendered":"\n<p>Kajakarze z Klubu ,,Bystrze\u201d sp\u0142ywali rzekami prawie wszystkich kontynent\u00f3w \u015bwiata. Zdobyli miedzy innymi dwa rekordy Guinessa ( za przep\u0142yni\u0119cie po raz pierwszy najg\u0142\u0119bszego kanionu \u015bwiata, Kanionu Colca w Peru, oraz ca\u0142ej Amazonki), przep\u0142yn\u0119li po raz pierwszy w historii 12 rzek w Ameryce \u0141aci\u0144skiej, Po\u0142udniowej, trzy najwi\u0119ksze rzeki Pakistanu, pierwsze 100 km Nilu, w\u0105w\u00f3z rzeki Tary w Jugos\u0142awii i wiele innych.<\/p>\n\n\n\n<p>W latach 1972 \u2013 2003 cz\u0142onkowie ,,Bystrza\u201d zorganizowali dwana\u015bcie wi\u0119kszych wypraw, kt\u00f3rych owocem by\u0142o przep\u0142yni\u0119cie dziewiczymi rzekami, b\u0105d\u017a te\u017c uwa\u017canymi za niesp\u0142ywalne. Wyprawy te mia\u0142y cechy odkrywcze. Organizowano je w czasach, kiedy trudno by\u0142o wyjecha\u0107 za granic\u0119 kraju, a sprz\u0119t turystyczny, zw\u0142aszcza specjalistyczny by\u0142 praktycznie niedost\u0119pny. Studenci sami projektowali i wykonywali kamizelki asekuracyjne, fartuchy, pianki niezb\u0119dne do p\u0142ywania.<\/p>\n\n\n\n<p>Przygotowania do wypraw trwa\u0142y czasami kilka lat i polega\u0142y na uzyskaniu pieni\u0119dzy na sprz\u0119t, podr\u00f3\u017c, transport kajak\u00f3w, zebraniu informacji na temat rzek, zdobyciu pozwolenia. Podobnie jak cz\u0142onkowie innych studenckich klub\u00f3w sportowych, ,,Bystrzacy\u201d pracowali w fabrykach sprz\u0119tu sportowego, budowach, przy zbiorze owoc\u00f3w by zarobi\u0107 pieni\u0105dze na wyprawy.<br>Na w\u0142asn\u0105 r\u0119k\u0119 zdobywali \u015brodki transportu (Star, Nysa), zbudowali przyczep\u0119 do przewozu kajak\u00f3w. Czego nie mo\u017cna by\u0142o dosta\u0107 w kraju, studenci robili w\u0142asnymi r\u0119kami. W pewnym stopniu cz\u0142onkowie klubu mogli liczy\u0107 na dofinansowanie ze strony AGH, sponsor\u00f3w, ale w du\u017cej mierze musieli sami zarabia\u0107.<\/p>\n\n\n\n<p>Na wyprawy je\u017adzili najlepsi kajakarze, ale te\u017c osoby o du\u017cej samodyscyplinie i umiej\u0119tno\u015bci wsp\u00f3\u0142pracy z grup\u0105, odpowiedzialno\u015bci za siebie i innych. Wszystko to odbywa\u0142o si\u0119 przy sk\u0105pym bud\u017cecie, a du\u017cych ch\u0119ciach i zaanga\u017cowaniu cz\u0142onk\u00f3w klubu. Post\u0119powali oni zgodnie z dewiz\u0105, \u017ce \u201dnie ma rzeczy nieo\u017cliwych\u201d.<br>Wyprawy z Bystrzem stanowi\u0142y wtedy wrota na \u015bwiat, dawa\u0142y mo\u017cliwo\u015b\u0107 zwiedzenia wielu egzotycznych (dos\u0142ownie i w przeno\u015bni) miejsc. M\u0142odzi, biedni studenci-pasjonaci, pochodz\u0105cy z kraju zza \u017celaznej kurtyny wzbudzali sensacj\u0119, ale i sympati\u0119. Na \u201dhistorycznym\u201d sprz\u0119cie p\u0142ywali ekstremalnie trudne odcinki rzek, takie z jakimi nie mogli si\u0119 spotka\u0107 w Polsce. Osi\u0105gni\u0119cia cz\u0142onk\u00f3w Bystrza sta\u0142y si\u0119 tematem artyku\u0142\u00f3w w gazetach, programach telewizyjnych oraz s\u0105 zapisane w Ksi\u0119dze Rekord\u00f3w Guinessa (za pokonanie najg\u0142\u0119bszego kanionu \u015bwiata \u2013 Kanionu Colca w Peru).<\/p>\n\n\n\n<p>[Opracowa\u0142a Marta Semkowicz]<\/p>\n\n\n\n<p><\/p>\n","protected":false},"excerpt":{"rendered":"<p>Kajakarze z Klubu ,,Bystrze\u201d sp\u0142ywali rzekami prawie wszystkich kontynent\u00f3w \u015bwiata. Zdobyli miedzy innymi dwa rekordy Guinessa ( za przep\u0142yni\u0119cie po raz pierwszy najg\u0142\u0119bszego kanionu \u015bwiata, Kanionu Colca w Peru, oraz ca\u0142ej Amazonki), przep\u0142yn\u0119li po raz pierwszy w historii 12 rzek<\/p>\n","protected":false},"author":1,"featured_media":0,"parent":39,"menu_order":0,"comment_status":"closed","ping_status":"closed","template":"","meta":{"footnotes":""},"class_list":["post-140","page","type-page","status-publish","hentry"],"_links":{"self":[{"href":"https:\/\/bystrze.org\/index.php\/wp-json\/wp\/v2\/pages\/140","targetHints":{"allow":["GET"]}}],"collection":[{"href":"https:\/\/bystrze.org\/index.php\/wp-json\/wp\/v2\/pages"}],"about":[{"href":"https:\/\/bystrze.org\/index.php\/wp-json\/wp\/v2\/types\/page"}],"author":[{"embeddable":true,"href":"https:\/\/bystrze.org\/index.php\/wp-json\/wp\/v2\/users\/1"}],"replies":[{"embeddable":true,"href":"https:\/\/bystrze.org\/index.php\/wp-json\/wp\/v2\/comments?post=140"}],"version-history":[{"count":1,"href":"https:\/\/bystrze.org\/index.php\/wp-json\/wp\/v2\/pages\/140\/revisions"}],"predecessor-version":[{"id":141,"href":"https:\/\/bystrze.org\/index.php\/wp-json\/wp\/v2\/pages\/140\/revisions\/141"}],"up":[{"embeddable":true,"href":"https:\/\/bystrze.org\/index.php\/wp-json\/wp\/v2\/pages\/39"}],"wp:attachment":[{"href":"https:\/\/bystrze.org\/index.php\/wp-json\/wp\/v2\/media?parent=140"}],"curies":[{"name":"wp","href":"https:\/\/api.w.org\/{rel}","templated":true}]}}